{"id":5876,"date":"2026-05-13T10:11:48","date_gmt":"2026-05-13T10:11:48","guid":{"rendered":"https:\/\/juliatschaikner.com\/?page_id=5876"},"modified":"2026-05-13T10:15:13","modified_gmt":"2026-05-13T10:15:13","slug":"fields","status":"publish","type":"page","link":"https:\/\/juliatschaikner.com\/eng\/fields\/","title":{"rendered":"Fields"},"content":{"rendered":"\t\t<div data-elementor-type=\"wp-page\" data-elementor-id=\"5876\" class=\"elementor elementor-5876\" data-elementor-post-type=\"page\">\n\t\t\t\t<div class=\"elementor-element elementor-element-1d67472 e-flex e-con-boxed e-con e-parent\" data-id=\"1d67472\" data-element_type=\"container\" data-e-type=\"container\">\n\t\t\t\t\t<div class=\"e-con-inner\">\n\t\t\t\t\t<\/div>\n\t\t\t\t<\/div>\n\t\t<div class=\"elementor-element elementor-element-70188ea e-flex e-con-boxed e-con e-parent\" data-id=\"70188ea\" data-element_type=\"container\" data-e-type=\"container\">\n\t\t\t\t\t<div class=\"e-con-inner\">\n\t\t\t\t<div class=\"elementor-element elementor-element-627ce9be elementor-nav-menu__align-start elementor-nav-menu--dropdown-none elementor-widget elementor-widget-nav-menu\" data-id=\"627ce9be\" data-element_type=\"widget\" data-e-type=\"widget\" data-settings=\"{&quot;layout&quot;:&quot;horizontal&quot;,&quot;submenu_icon&quot;:{&quot;value&quot;:&quot;&lt;svg aria-hidden=\\&quot;true\\&quot; class=\\&quot;e-font-icon-svg e-fas-caret-down\\&quot; viewBox=\\&quot;0 0 320 512\\&quot; xmlns=\\&quot;http:\\\/\\\/www.w3.org\\\/2000\\\/svg\\&quot;&gt;&lt;path d=\\&quot;M31.3 192h257.3c17.8 0 26.7 21.5 14.1 34.1L174.1 354.8c-7.8 7.8-20.5 7.8-28.3 0L17.2 226.1C4.6 213.5 13.5 192 31.3 192z\\&quot;&gt;&lt;\\\/path&gt;&lt;\\\/svg&gt;&quot;,&quot;library&quot;:&quot;fa-solid&quot;}}\" data-widget_type=\"nav-menu.default\">\n\t\t\t\t<div class=\"elementor-widget-container\">\n\t\t\t\t\t\t\t\t<nav aria-label=\"Men\u00fc\" class=\"elementor-nav-menu--main elementor-nav-menu__container elementor-nav-menu--layout-horizontal e--pointer-underline e--animation-fade\">\n\t\t\t\t<ul id=\"menu-1-627ce9be\" class=\"elementor-nav-menu\"><li class=\"menu-item menu-item-type-post_type menu-item-object-page menu-item-3642\"><a href=\"https:\/\/juliatschaikner.com\/eng\/fluid\/\" class=\"elementor-item\">Fluid<\/a><\/li>\n<li class=\"menu-item menu-item-type-post_type menu-item-object-page menu-item-4163\"><a href=\"https:\/\/juliatschaikner.com\/eng\/ohne-titel\/\" class=\"elementor-item\">Ohne Titel<\/a><\/li>\n<li class=\"menu-item menu-item-type-post_type menu-item-object-page menu-item-4067\"><a href=\"https:\/\/juliatschaikner.com\/eng\/afterimage\/\" class=\"elementor-item\">Afterimage<\/a><\/li>\n<li class=\"menu-item menu-item-type-post_type menu-item-object-page menu-item-4756\"><a href=\"https:\/\/juliatschaikner.com\/eng\/echo\/\" class=\"elementor-item\">Echo<\/a><\/li>\n<\/ul>\t\t\t<\/nav>\n\t\t\t\t\t\t<nav class=\"elementor-nav-menu--dropdown elementor-nav-menu__container\" aria-hidden=\"true\">\n\t\t\t\t<ul id=\"menu-2-627ce9be\" class=\"elementor-nav-menu\"><li class=\"menu-item menu-item-type-post_type menu-item-object-page menu-item-3642\"><a href=\"https:\/\/juliatschaikner.com\/eng\/fluid\/\" class=\"elementor-item\" tabindex=\"-1\">Fluid<\/a><\/li>\n<li class=\"menu-item menu-item-type-post_type menu-item-object-page menu-item-4163\"><a href=\"https:\/\/juliatschaikner.com\/eng\/ohne-titel\/\" class=\"elementor-item\" tabindex=\"-1\">Ohne Titel<\/a><\/li>\n<li class=\"menu-item menu-item-type-post_type menu-item-object-page menu-item-4067\"><a href=\"https:\/\/juliatschaikner.com\/eng\/afterimage\/\" class=\"elementor-item\" tabindex=\"-1\">Afterimage<\/a><\/li>\n<li class=\"menu-item menu-item-type-post_type menu-item-object-page menu-item-4756\"><a href=\"https:\/\/juliatschaikner.com\/eng\/echo\/\" class=\"elementor-item\" tabindex=\"-1\">Echo<\/a><\/li>\n<\/ul>\t\t\t<\/nav>\n\t\t\t\t\t\t<\/div>\n\t\t\t\t<\/div>\n\t\t\t\t\t<\/div>\n\t\t\t\t<\/div>\n\t\t<div class=\"elementor-element elementor-element-92b058f e-flex e-con-boxed e-con e-parent\" data-id=\"92b058f\" data-element_type=\"container\" data-e-type=\"container\">\n\t\t\t\t\t<div class=\"e-con-inner\">\n\t\t\t\t<div class=\"elementor-element elementor-element-60a27fe elementor-widget elementor-widget-image\" data-id=\"60a27fe\" data-element_type=\"widget\" data-e-type=\"widget\" data-widget_type=\"image.default\">\n\t\t\t\t<div class=\"elementor-widget-container\">\n\t\t\t\t\t\t\t\t\t\t\t\t\t\t\t<img fetchpriority=\"high\" decoding=\"async\" width=\"800\" height=\"616\" src=\"https:\/\/juliatschaikner.com\/wp-content\/uploads\/2026\/05\/Afterimage-Julia-Tschaikner-2.jpg\" class=\"attachment-large size-large wp-image-5805\" alt=\"\" srcset=\"https:\/\/juliatschaikner.com\/wp-content\/uploads\/2026\/05\/Afterimage-Julia-Tschaikner-2.jpg 1114w, https:\/\/juliatschaikner.com\/wp-content\/uploads\/2026\/05\/Afterimage-Julia-Tschaikner-2-300x231.jpg 300w, https:\/\/juliatschaikner.com\/wp-content\/uploads\/2026\/05\/Afterimage-Julia-Tschaikner-2-768x592.jpg 768w, https:\/\/juliatschaikner.com\/wp-content\/uploads\/2026\/05\/Afterimage-Julia-Tschaikner-2-16x12.jpg 16w, https:\/\/juliatschaikner.com\/wp-content\/uploads\/2026\/05\/Afterimage-Julia-Tschaikner-2-600x462.jpg 600w\" sizes=\"(max-width: 800px) 100vw, 800px\" \/>\t\t\t\t\t\t\t\t\t\t\t\t\t\t\t<\/div>\n\t\t\t\t<\/div>\n\t\t\t\t\t<\/div>\n\t\t\t\t<\/div>\n\t\t<div class=\"elementor-element elementor-element-a2db109 e-flex e-con-boxed e-con e-parent\" data-id=\"a2db109\" data-element_type=\"container\" data-e-type=\"container\">\n\t\t\t\t\t<div class=\"e-con-inner\">\n\t\t\t\t<div class=\"elementor-element elementor-element-9cc4b4c elementor-widget elementor-widget-text-editor\" data-id=\"9cc4b4c\" data-element_type=\"widget\" data-e-type=\"widget\" data-widget_type=\"text-editor.default\">\n\t\t\t\t<div class=\"elementor-widget-container\">\n\t\t\t\t\t\t\t\t\t<p>AFTERIMAGE<\/p><p>\u00a0<\/p><p>Wenn demokratische Strukturen erodieren, verschieben sich zun\u00e4chst Begriffe die gesellschaftliche R\u00e4ume tragen. Sie verlieren Sichtbarkeit, werden ersetzt, umgedeutet und aus dem Diskurs gedr\u00e4ngt.<\/p><p>Afterimage \u00fcbersetzt dies in ein visuelles Resonanzfeld. Die W\u00f6rter werden \u00fcberlagert und in die rhythmische Logik der Geste \u00fcberf\u00fchrt. Die semantische Ebene bricht weg &#8211; die Farbe\u00a0<span style=\"text-align: var(--text-align); letter-spacing: var( --e-global-typography-primary-letter-spacing ); word-spacing: var( --e-global-typography-primary-word-spacing ); -webkit-text-size-adjust: 100%;\">h\u00e4lt die Spur, w\u00e4hrend die Bedeutung entgleitet. Der Fleck wird zu einem verdichteten Farb &#8211; und Resonanzraum.<\/span><\/p><p>Die verwendeten W\u00f6rter entstammen dokumentierten F\u00e4llen administrativer Sprachsteuerung in den USA. Seit 2017 und erneut ab 2025 wurden Begriffe aus den Feldern Gleichstellung, Wissenschaft, Gesundheit, Gender, Minderheitenschutz und Klima in Beh\u00f6rdenkontexten vermieden, ersetzt, entfernt oder zur Pr\u00fcfung markiert. Darunter:<\/p><p><span style=\"color: #ff99cc;\">diversity, equity, inclusion, equality, gender, gender identity, transgender, trans, non-binary, LGBTQ, women, race, ethnicity, disability, vulnerable, underserved, underrepresented, environmental justice, climate crisis, evidence-based und science-based.<\/span><\/p><p>Die Arbeit verschr\u00e4nkt \u00dcberlagerung, Fragment und Affekt und er\u00f6ffnet einen Bildraum in dem Sichtbarkeit und Aufl\u00f6sung zugleich sp\u00fcrbar werden.<\/p><p>\u00a0<\/p><p>Werkserie seit 2025<\/p>\t\t\t\t\t\t\t\t<\/div>\n\t\t\t\t<\/div>\n\t\t\t\t<div class=\"elementor-element elementor-element-e93b67c elementor-widget elementor-widget-text-editor\" data-id=\"e93b67c\" data-element_type=\"widget\" data-e-type=\"widget\" data-widget_type=\"text-editor.default\">\n\t\t\t\t<div class=\"elementor-widget-container\">\n\t\t\t\t\t\t\t\t\t<p>Quellen:<\/p><p>https:\/\/www.zeit.de\/politik\/ausland\/2017-12\/us-seuchenbehoerde-cdc-verbotenewoerter<\/p><p>https:\/\/pen.org\/banned-words-list\/<\/p><p>https:\/\/www.opm.gov\/media\/yvlh1r3i\/opm-memo-initial-guidance-regarding-trump-executive-order-defending-women-1-29-2025-final.pdf<\/p>\t\t\t\t\t\t\t\t<\/div>\n\t\t\t\t<\/div>\n\t\t\t\t\t<\/div>\n\t\t\t\t<\/div>\n\t\t<div class=\"elementor-element elementor-element-d5e4d90 e-flex e-con-boxed e-con e-parent\" data-id=\"d5e4d90\" data-element_type=\"container\" data-e-type=\"container\">\n\t\t\t\t\t<div class=\"e-con-inner\">\n\t\t\t\t<div class=\"elementor-element elementor-element-65bfa24 elementor-pagination-type-bullets elementor-arrows-position-inside elementor-pagination-position-outside elementor-invisible elementor-widget elementor-widget-n-carousel\" data-id=\"65bfa24\" data-element_type=\"widget\" data-e-type=\"widget\" data-settings=\"{&quot;carousel_items&quot;:[{&quot;slide_title&quot;:&quot;Slide #1&quot;,&quot;_id&quot;:&quot;9022442&quot;},{&quot;slide_title&quot;:&quot;Slide #2&quot;,&quot;_id&quot;:&quot;078aa04&quot;},{&quot;slide_title&quot;:&quot;Slide #3&quot;,&quot;_id&quot;:&quot;78b0a27&quot;}],&quot;_animation&quot;:&quot;fadeIn&quot;,&quot;slides_to_show_tablet&quot;:&quot;2&quot;,&quot;slides_to_show_mobile&quot;:&quot;1&quot;,&quot;autoplay&quot;:&quot;yes&quot;,&quot;autoplay_speed&quot;:5000,&quot;pause_on_hover&quot;:&quot;yes&quot;,&quot;pause_on_interaction&quot;:&quot;yes&quot;,&quot;infinite&quot;:&quot;yes&quot;,&quot;speed&quot;:500,&quot;offset_sides&quot;:&quot;none&quot;,&quot;arrows&quot;:&quot;yes&quot;,&quot;pagination&quot;:&quot;bullets&quot;,&quot;image_spacing_custom&quot;:{&quot;unit&quot;:&quot;px&quot;,&quot;size&quot;:10,&quot;sizes&quot;:[]},&quot;image_spacing_custom_tablet&quot;:{&quot;unit&quot;:&quot;px&quot;,&quot;size&quot;:&quot;&quot;,&quot;sizes&quot;:[]},&quot;image_spacing_custom_mobile&quot;:{&quot;unit&quot;:&quot;px&quot;,&quot;size&quot;:&quot;&quot;,&quot;sizes&quot;:[]}}\" data-widget_type=\"nested-carousel.default\">\n\t\t\t\t<div class=\"elementor-widget-container\">\n\t\t\t\t\t\t\t<div class=\"e-n-carousel swiper\" role=\"region\" aria-roledescription=\"carousel\" aria-label=\"Karussell\" dir=\"ltr\">\n\t\t\t<div class=\"swiper-wrapper\" aria-live=\"off\">\n\t\t\t\t\t\t\t\t\t\t<div class=\"swiper-slide\" data-slide=\"1\" role=\"group\" aria-roledescription=\"slide\" aria-label=\"1 of 3\">\n\t\t\t\t\t\t\t<div class=\"elementor-element elementor-element-ea5781e e-flex e-con-boxed e-con e-child\" data-id=\"ea5781e\" data-element_type=\"container\" data-e-type=\"container\">\n\t\t\t\t\t<div class=\"e-con-inner\">\n\t\t\t\t<div class=\"elementor-element elementor-element-bce279a elementor-widget elementor-widget-image\" data-id=\"bce279a\" data-element_type=\"widget\" data-e-type=\"widget\" data-widget_type=\"image.default\">\n\t\t\t\t<div class=\"elementor-widget-container\">\n\t\t\t\t\t\t\t\t\t\t\t\t\t\t\t<img decoding=\"async\" width=\"800\" height=\"1422\" src=\"https:\/\/juliatschaikner.com\/wp-content\/uploads\/2025\/12\/AKOE26-0047_Motive_1-844x1500.jpg\" class=\"attachment-large size-large wp-image-4418\" alt=\"\" srcset=\"https:\/\/juliatschaikner.com\/wp-content\/uploads\/2025\/12\/AKOE26-0047_Motive_1-844x1500.jpg 844w, https:\/\/juliatschaikner.com\/wp-content\/uploads\/2025\/12\/AKOE26-0047_Motive_1-169x300.jpg 169w, https:\/\/juliatschaikner.com\/wp-content\/uploads\/2025\/12\/AKOE26-0047_Motive_1-768x1365.jpg 768w, https:\/\/juliatschaikner.com\/wp-content\/uploads\/2025\/12\/AKOE26-0047_Motive_1-864x1536.jpg 864w, https:\/\/juliatschaikner.com\/wp-content\/uploads\/2025\/12\/AKOE26-0047_Motive_1-7x12.jpg 7w, https:\/\/juliatschaikner.com\/wp-content\/uploads\/2025\/12\/AKOE26-0047_Motive_1-300x533.jpg 300w, https:\/\/juliatschaikner.com\/wp-content\/uploads\/2025\/12\/AKOE26-0047_Motive_1-600x1067.jpg 600w, https:\/\/juliatschaikner.com\/wp-content\/uploads\/2025\/12\/AKOE26-0047_Motive_1.jpg 1080w\" sizes=\"(max-width: 800px) 100vw, 800px\" \/>\t\t\t\t\t\t\t\t\t\t\t\t\t\t\t<\/div>\n\t\t\t\t<\/div>\n\t\t\t\t\t<\/div>\n\t\t\t\t<\/div>\n\t\t\t\t\t\t\t\t<\/div>\n\t\t\t\t\t\t\t\t\t\t\t<div class=\"swiper-slide\" data-slide=\"2\" role=\"group\" aria-roledescription=\"slide\" aria-label=\"2 of 3\">\n\t\t\t\t\t\t\t<div class=\"elementor-element elementor-element-ba67cc6 e-flex e-con-boxed e-con e-child\" data-id=\"ba67cc6\" data-element_type=\"container\" data-e-type=\"container\">\n\t\t\t\t\t<div class=\"e-con-inner\">\n\t\t\t\t<div class=\"elementor-element elementor-element-459d895 elementor-widget elementor-widget-image\" data-id=\"459d895\" data-element_type=\"widget\" data-e-type=\"widget\" data-widget_type=\"image.default\">\n\t\t\t\t<div class=\"elementor-widget-container\">\n\t\t\t\t\t\t\t\t\t\t\t\t\t\t\t<img decoding=\"async\" width=\"1080\" height=\"1920\" src=\"https:\/\/juliatschaikner.com\/wp-content\/uploads\/2025\/11\/Tschaikner_Julia_democracy_diversity_02.jpg\" class=\"attachment-full size-full wp-image-3996\" alt=\"\" \/>\t\t\t\t\t\t\t\t\t\t\t\t\t\t\t<\/div>\n\t\t\t\t<\/div>\n\t\t\t\t\t<\/div>\n\t\t\t\t<\/div>\n\t\t\t\t\t\t\t\t<\/div>\n\t\t\t\t\t\t\t\t\t\t\t<div class=\"swiper-slide\" data-slide=\"3\" role=\"group\" aria-roledescription=\"slide\" aria-label=\"3 of 3\">\n\t\t\t\t\t\t\t<div class=\"elementor-element elementor-element-b5ce580 e-flex e-con-boxed e-con e-child\" data-id=\"b5ce580\" data-element_type=\"container\" data-e-type=\"container\">\n\t\t\t\t\t<div class=\"e-con-inner\">\n\t\t\t\t<div class=\"elementor-element elementor-element-2599fc1 elementor-widget elementor-widget-image\" data-id=\"2599fc1\" data-element_type=\"widget\" data-e-type=\"widget\" data-widget_type=\"image.default\">\n\t\t\t\t<div class=\"elementor-widget-container\">\n\t\t\t\t\t\t\t\t\t\t\t\t\t\t\t<img loading=\"lazy\" decoding=\"async\" width=\"1080\" height=\"1920\" src=\"https:\/\/juliatschaikner.com\/wp-content\/uploads\/2025\/11\/Tschaikner_Julia_democracy_diversety_03.jpg\" class=\"attachment-full size-full wp-image-4050\" alt=\"\" srcset=\"https:\/\/juliatschaikner.com\/wp-content\/uploads\/2025\/11\/Tschaikner_Julia_democracy_diversety_03.jpg 1080w, https:\/\/juliatschaikner.com\/wp-content\/uploads\/2025\/11\/Tschaikner_Julia_democracy_diversety_03-169x300.jpg 169w, https:\/\/juliatschaikner.com\/wp-content\/uploads\/2025\/11\/Tschaikner_Julia_democracy_diversety_03-844x1500.jpg 844w, https:\/\/juliatschaikner.com\/wp-content\/uploads\/2025\/11\/Tschaikner_Julia_democracy_diversety_03-768x1365.jpg 768w, https:\/\/juliatschaikner.com\/wp-content\/uploads\/2025\/11\/Tschaikner_Julia_democracy_diversety_03-864x1536.jpg 864w, https:\/\/juliatschaikner.com\/wp-content\/uploads\/2025\/11\/Tschaikner_Julia_democracy_diversety_03-7x12.jpg 7w, https:\/\/juliatschaikner.com\/wp-content\/uploads\/2025\/11\/Tschaikner_Julia_democracy_diversety_03-300x533.jpg 300w, https:\/\/juliatschaikner.com\/wp-content\/uploads\/2025\/11\/Tschaikner_Julia_democracy_diversety_03-600x1067.jpg 600w\" sizes=\"(max-width: 1080px) 100vw, 1080px\" \/>\t\t\t\t\t\t\t\t\t\t\t\t\t\t\t<\/div>\n\t\t\t\t<\/div>\n\t\t\t\t\t<\/div>\n\t\t\t\t<\/div>\n\t\t\t\t\t\t\t\t<\/div>\n\t\t\t\t\t\t\t\t<\/div>\n\t\t<\/div>\n\t\t\t\t\t<div class=\"elementor-swiper-button elementor-swiper-button-prev\" role=\"button\" tabindex=\"0\" aria-label=\"Previous\">\n\t\t\t\t<svg aria-hidden=\"true\" class=\"e-font-icon-svg e-eicon-chevron-left\" viewBox=\"0 0 1000 1000\" xmlns=\"http:\/\/www.w3.org\/2000\/svg\"><path d=\"M646 125C629 125 613 133 604 142L308 442C296 454 292 471 292 487 292 504 296 521 308 533L604 854C617 867 629 875 646 875 663 875 679 871 692 858 704 846 713 829 713 812 713 796 708 779 692 767L438 487 692 225C700 217 708 204 708 187 708 171 704 154 692 142 675 129 663 125 646 125Z\"><\/path><\/svg>\t\t\t<\/div>\n\t\t\t<div class=\"elementor-swiper-button elementor-swiper-button-next\" role=\"button\" tabindex=\"0\" aria-label=\"Next\">\n\t\t\t\t<svg aria-hidden=\"true\" class=\"e-font-icon-svg e-eicon-chevron-right\" viewBox=\"0 0 1000 1000\" xmlns=\"http:\/\/www.w3.org\/2000\/svg\"><path d=\"M696 533C708 521 713 504 713 487 713 471 708 454 696 446L400 146C388 133 375 125 354 125 338 125 325 129 313 142 300 154 292 171 292 187 292 204 296 221 308 233L563 492 304 771C292 783 288 800 288 817 288 833 296 850 308 863 321 871 338 875 354 875 371 875 388 867 400 854L696 533Z\"><\/path><\/svg>\t\t\t<\/div>\n\t\t\t\t\t<div class=\"swiper-pagination\"><\/div>\n\t\t\t\t\t\t<\/div>\n\t\t\t\t<\/div>\n\t\t\t\t\t<\/div>\n\t\t\t\t<\/div>\n\t\t<div class=\"elementor-element elementor-element-f90ca16 e-flex e-con-boxed e-con e-parent\" data-id=\"f90ca16\" data-element_type=\"container\" data-e-type=\"container\">\n\t\t\t\t\t<div class=\"e-con-inner\">\n\t\t\t\t<div class=\"elementor-element elementor-element-5f37f8a elementor-widget elementor-widget-text-editor\" data-id=\"5f37f8a\" data-element_type=\"widget\" data-e-type=\"widget\" data-widget_type=\"text-editor.default\">\n\t\t\t\t<div class=\"elementor-widget-container\">\n\t\t\t\t\t\t\t\t\t<p style=\"text-align: center;\">democracy<\/p>\t\t\t\t\t\t\t\t<\/div>\n\t\t\t\t<\/div>\n\t\t\t\t<div class=\"elementor-element elementor-element-a0206cd elementor-hidden-mobile elementor-widget elementor-widget-spacer\" data-id=\"a0206cd\" data-element_type=\"widget\" data-e-type=\"widget\" data-widget_type=\"spacer.default\">\n\t\t\t\t<div class=\"elementor-widget-container\">\n\t\t\t\t\t\t\t<div class=\"elementor-spacer\">\n\t\t\t<div class=\"elementor-spacer-inner\"><\/div>\n\t\t<\/div>\n\t\t\t\t\t\t<\/div>\n\t\t\t\t<\/div>\n\t\t\t\t\t<\/div>\n\t\t\t\t<\/div>\n\t\t<div class=\"elementor-element elementor-element-939ddfd e-flex e-con-boxed e-con e-parent\" data-id=\"939ddfd\" data-element_type=\"container\" data-e-type=\"container\">\n\t\t\t\t\t<div class=\"e-con-inner\">\n\t\t\t\t<div class=\"elementor-element elementor-element-295b785 elementor-widget elementor-widget-image\" data-id=\"295b785\" data-element_type=\"widget\" data-e-type=\"widget\" data-widget_type=\"image.default\">\n\t\t\t\t<div class=\"elementor-widget-container\">\n\t\t\t\t\t\t\t\t\t\t\t\t\t\t\t<img loading=\"lazy\" decoding=\"async\" width=\"800\" height=\"533\" src=\"https:\/\/juliatschaikner.com\/wp-content\/uploads\/2026\/05\/Afterimage-Julia-Tschaikner-_1-1500x1000.png\" class=\"attachment-large size-large wp-image-5519\" alt=\"\" srcset=\"https:\/\/juliatschaikner.com\/wp-content\/uploads\/2026\/05\/Afterimage-Julia-Tschaikner-_1-1500x1000.png 1500w, https:\/\/juliatschaikner.com\/wp-content\/uploads\/2026\/05\/Afterimage-Julia-Tschaikner-_1-300x200.png 300w, https:\/\/juliatschaikner.com\/wp-content\/uploads\/2026\/05\/Afterimage-Julia-Tschaikner-_1-768x512.png 768w, https:\/\/juliatschaikner.com\/wp-content\/uploads\/2026\/05\/Afterimage-Julia-Tschaikner-_1-18x12.png 18w, https:\/\/juliatschaikner.com\/wp-content\/uploads\/2026\/05\/Afterimage-Julia-Tschaikner-_1-600x400.png 600w, https:\/\/juliatschaikner.com\/wp-content\/uploads\/2026\/05\/Afterimage-Julia-Tschaikner-_1.png 1536w\" sizes=\"(max-width: 800px) 100vw, 800px\" \/>\t\t\t\t\t\t\t\t\t\t\t\t\t\t\t<\/div>\n\t\t\t\t<\/div>\n\t\t\t\t<div class=\"elementor-element elementor-element-21b8990 elementor-widget elementor-widget-spacer\" data-id=\"21b8990\" data-element_type=\"widget\" data-e-type=\"widget\" data-widget_type=\"spacer.default\">\n\t\t\t\t<div class=\"elementor-widget-container\">\n\t\t\t\t\t\t\t<div class=\"elementor-spacer\">\n\t\t\t<div class=\"elementor-spacer-inner\"><\/div>\n\t\t<\/div>\n\t\t\t\t\t\t<\/div>\n\t\t\t\t<\/div>\n\t\t\t\t\t<\/div>\n\t\t\t\t<\/div>\n\t\t<div class=\"elementor-element elementor-element-d978c4d e-flex e-con-boxed e-con e-parent\" data-id=\"d978c4d\" data-element_type=\"container\" data-e-type=\"container\">\n\t\t\t\t\t<div class=\"e-con-inner\">\n\t\t\t\t<div class=\"elementor-element elementor-element-867510a elementor-widget elementor-widget-image\" data-id=\"867510a\" data-element_type=\"widget\" data-e-type=\"widget\" data-widget_type=\"image.default\">\n\t\t\t\t<div class=\"elementor-widget-container\">\n\t\t\t\t\t\t\t\t\t\t\t\t\t\t\t<img loading=\"lazy\" decoding=\"async\" width=\"800\" height=\"720\" src=\"https:\/\/juliatschaikner.com\/wp-content\/uploads\/2026\/05\/Afterimage-Julia-Tschaikner.jpg\" class=\"attachment-large size-large wp-image-5831\" alt=\"\" srcset=\"https:\/\/juliatschaikner.com\/wp-content\/uploads\/2026\/05\/Afterimage-Julia-Tschaikner.jpg 952w, https:\/\/juliatschaikner.com\/wp-content\/uploads\/2026\/05\/Afterimage-Julia-Tschaikner-300x270.jpg 300w, https:\/\/juliatschaikner.com\/wp-content\/uploads\/2026\/05\/Afterimage-Julia-Tschaikner-768x691.jpg 768w, https:\/\/juliatschaikner.com\/wp-content\/uploads\/2026\/05\/Afterimage-Julia-Tschaikner-13x12.jpg 13w, https:\/\/juliatschaikner.com\/wp-content\/uploads\/2026\/05\/Afterimage-Julia-Tschaikner-600x540.jpg 600w\" sizes=\"(max-width: 800px) 100vw, 800px\" \/>\t\t\t\t\t\t\t\t\t\t\t\t\t\t\t<\/div>\n\t\t\t\t<\/div>\n\t\t\t\t\t<\/div>\n\t\t\t\t<\/div>\n\t\t\t\t<\/div>\n\t\t","protected":false},"excerpt":{"rendered":"<p>AFTERIMAGE \u00a0 Wenn demokratische Strukturen erodieren, verschieben sich zun\u00e4chst Begriffe die gesellschaftliche R\u00e4ume tragen. Sie verlieren Sichtbarkeit, werden ersetzt, umgedeutet und aus dem Diskurs gedr\u00e4ngt. Afterimage \u00fcbersetzt dies in ein visuelles Resonanzfeld. Die W\u00f6rter werden \u00fcberlagert und in die rhythmische Logik der Geste \u00fcberf\u00fchrt. Die semantische Ebene bricht weg &#8211; die Farbe\u00a0h\u00e4lt die Spur, w\u00e4hrend [&hellip;]<\/p>\n","protected":false},"author":1,"featured_media":0,"parent":0,"menu_order":0,"comment_status":"closed","ping_status":"closed","template":"","meta":{"footnotes":""},"class_list":["post-5876","page","type-page","status-publish","hentry"],"_links":{"self":[{"href":"https:\/\/juliatschaikner.com\/eng\/wp-json\/wp\/v2\/pages\/5876","targetHints":{"allow":["GET"]}}],"collection":[{"href":"https:\/\/juliatschaikner.com\/eng\/wp-json\/wp\/v2\/pages"}],"about":[{"href":"https:\/\/juliatschaikner.com\/eng\/wp-json\/wp\/v2\/types\/page"}],"author":[{"embeddable":true,"href":"https:\/\/juliatschaikner.com\/eng\/wp-json\/wp\/v2\/users\/1"}],"replies":[{"embeddable":true,"href":"https:\/\/juliatschaikner.com\/eng\/wp-json\/wp\/v2\/comments?post=5876"}],"version-history":[{"count":7,"href":"https:\/\/juliatschaikner.com\/eng\/wp-json\/wp\/v2\/pages\/5876\/revisions"}],"predecessor-version":[{"id":5884,"href":"https:\/\/juliatschaikner.com\/eng\/wp-json\/wp\/v2\/pages\/5876\/revisions\/5884"}],"wp:attachment":[{"href":"https:\/\/juliatschaikner.com\/eng\/wp-json\/wp\/v2\/media?parent=5876"}],"curies":[{"name":"wp","href":"https:\/\/api.w.org\/{rel}","templated":true}]}}